(-13).
-2
Let n(f) = -f**2 + 7*f + 15. Give n(9).
-3
Let b(n) = -10*n + 13. Give b(11).
-97
Let h(l) = -l**3 + 3*l**2 - 3*l + 2. Determine h(2).
0
Let r(u) = 2*u**2 - 2*u - 4. Give r(3).
8
Let g(h) = -h**2 - 4*h - 38. Give g(-10).
-98
Let n(r) = -r**3 + r**2 + 23*r + 37. What is n(-2)?
3
Let w(d) = -d**2 - 4*d - 2. Give w(-3).
1
Let a(c) = -c**2 + 13*c + 19. Determine a(15).
-11
Let z(y) = y + 2. Determine z(-8).
-6
Let j(r) = r**3 + 35*r**2 - 2*r - 61. What is j(-35)?
9
Let a(r) = -8*r**2 + 69*r + 24. Calculate a(9).
-3
Let i(o) = o**3 - 5*o**2 - 2*o - 5. Give i(4).
-29
Let f(x) = 4*x + 8. Determine f(5).
28
Let j(x) = 8*x - 6. What is j(-3)?
-30
Let n(d) = -d**2 - 26*d + 1. What is n(-26)?
1
Let r(z) = -z**2 - 7*z + 27. Determine r(-9).
9
Let q(c) = -8*c - 9. What is q(0)?
-9
Let y(m) = -m**3 + 3*m**2 - 3*m + 8. Determine y(0).
8
Let c(s) = s**3 + 24*s**2 + 21*s - 12. Calculate c(-23).
34
Let b(o) = -o**3 - 4*o**2 + 25*o + 123. Determine b(-4).
23
Let k(s) = s**3 + 16*s**2 + 28*s + 15. What is k(-14)?
15
Let s(l) = -l**2 + 11*l + 31. Determine s(13).
5
Let s(y) = -y**3 - y**2 + 2*y + 10. Give s(0).
10
Let y(v) = -49*v**3 - v + 2. Determine y(1).
-48
Let d(r) = -r + 2. Determine d(-5).
7
Let b(i) = -16*i**2 - 5. Give b(0).
-5
Let s(o) = -8*o + 148. What is s(20)?
-12
Let q(r) = -29*r**2 + 3*r - 1. What is q(1)?
-27
Let s(h) = -12*h**2 - 5*h + 2. Calculate s(-2).
-36
Let i(a) = 5*a + 60. What is i(-13)?
-5
Let x(z) = z**3 - 29*z**2 + 23*z - 36. Give x(28).
-176
Let a(s) = -s**3 + 1. Determine a(1).
0
Let u(y) = 21*y + 600. Calculate u(-28).
12
Let n(m) = -44*m - 929. Calculate n(-21).
-5
Let l(n) = -22*n**3 - n**2 - n. Give l(-1).
22
Let v(k) = -k**3 - 23*k**2 - 2*k - 65. Determine v(-23).
-19
Let r(x) = x**3 - 3*x**2 - 6*x + 14. Give r(4).
6
Let w(q) = -q - 13. Determine w(15).
-28
Let h(x) = 2*x + 20. Determine h(-14).
-8
Let s(u) = -34*u + 63. Determine s(3).
-39
Let m(j) = -15*j - 173. Calculate m(-10).
-23
Let n(o) = -o**3 + 6*o**2 + 2*o + 1. Calculate n(6).
13
Let t(p) = -p + 4. Give t(10).
-6
Let i(g) = -g + 6. What is i(5)?
1
Let j(t) = -4*t + 14. Calculate j(3).
2
Let y(k) = 172*k - 692. What is y(4)?
-4
Let u(g) = g**3 - g**2 - g + 7. Give u(0).
7
Let k(f) = f**3 - f**2 - 14. Calculate k(0).
-14
Let f(n) = n**2 + 5*n + 7. Give f(-5).
7
Let o(p) = -p**2 - 13*p - 23. Calculate o(-12).
-11
Let d(x) = 2*x + 35. Determine d(-22).
-9
Let s(d) = d**2 + d - 32. Determine s(6).
10
Let v(c) = -c**2 + 6*c + 4. Give v(7).
-3
Let x(y) = -2*y**2 + 11*y + 3. Determine x(6).
-3
Let x(m) = 15*m + 18. What is x(-1)?
3
Let r(n) = -7*n + 19. Determine r(8).
-37
Let z(t) = -t**3 - 7*t**2 + 19*t - 3. Determine z(-9).
-12
Let x(n) = n - 10. Determine x(-5).
-15
Let s(i) = 2*i**2 + 11*i - 36. Calculate s(-8).
4
Let y(w) = 10*w + 5. Calculate y(6).
65
Let i(r) = -2*r**3 + 17*r**2 - 10*r + 20. Calculate i(8).
4
Let l(c) = -27*c + 1. Calculate l(1).
-26
Let t(h) = -52*h + 165. Determine t(3).
9
Let s(q) = q**3 - 24*q**2 + 76*q + 84. Give s(20).
4
Let o(y) = -5*y + 71. Give o(14).
1
Let m(a) = -a**3 + 7*a**2 - 6*a + 49. Determine m(7).
7
Let n(z) = -11*z + 9. Give n(7).
-68
Let a(w) = -2*w**2 - 11*w + 126. Calculate a(7).
-49
Let n(y) = 4*y - 9. Calculate n(5).
11
Let h(j) = j**2 + 30*j + 4. What is h(-28)?
-52
Let s(b) = -b**2 - 3*b + 3. Calculate s(-9).
-51
Let m(r) = -2*r - 3. Give m(-5).
7
Let k(s) = 17*s**2 + 2*s - 3. Determine k(2).
69
Let v(x) = -x**3 + 5*x**2 - 8*x + 1. Determine v(3).
-5
Let z(i) = 2*i - 86. Give z(26).
-34
Let i(c) = c**3 - 20*c**2 - 2*c + 38. Determine i(20).
-2
Let j(x) = -x**2 - 4*x + 10. What is j(-8)?
-22
Let s(y) = -y**3 + 3*y**2 - y - 10. Determine s(5).
-65
Let u(c) = 2*c**2 - 10*c - 8. Give u(7).
20
Let x(m) = 2*m**2 + 10*m - 13. What is x(-6)?
-1
Let o(a) = -a**2 - 7*a - 5. What is o(6)?
-83
Let t(l) = l**3 + 8*l**2 + 6*l - 8. What is t(-6)?
28
Let o(i) = -i**3 - 10*i**2 - 5*i - 4. Calculate o(-9).
-40
Let n(r) = r**2 - 12*r - 8. Give n(10).
-28
Let d(y) = 58*y + 1. Give d(2).
117
Let x(s) = -s**2 + 56*s + 115. What is x(58)?
-1
Let u(k) = -k**3 - k**2 - k + 2. Give u(0).
2
Let i(m) = -m - 11. Calculate i(-10).
-1
Let q(i) = -i**3 + 12*i**2 + 14*i - 14. What is q(13)?
-1
Let m(v) = -4*v + 8. Calculate m(3).
-4
Let d(j) = 5*j - 5. Determine d(-3).
-20
Let h(t) = -68*t - 507. Determine h(-8).
37
Let x(a) = -a**3 - 6*a**2 + 4*a - 2. Calculate x(-6).
-26
Let p(a) = a**3 - 8*a**2 - 10*a + 5. Give p(9).
-4
Let l(s) = -s**2 - 12*s + 22. Determine l(-16).
-42
Let k(g) = 32*g - 57. What is k(2)?
7
Let r(f) = -f**2 + 21*f - 107. What is r(12)?
1
Let j(w) = -2*w**2 + 8*w - 22. Determine j(4).
-22
Let q(b) = b**2 - 2*b - 14. Give q(4).
-6
Let i(s) = 14*s + 2. What is i(1)?
16
Let y(h) = -h**3 + 7*h**2 - 7*h - 4. Determine y(6).
-10
Let p(z) = -5*z - 2. Calculate p(8).
-42
Let m(f) = -18*f**2 - 110*f - 15. Give m(-6).
-3
Let f(a) = -44*a - 21. Give f(-2).
67
Let a(v) = -3*v + 5. Calculate a(13).
-34
Let h(n) = -n**2 - 10*n - 12. What is h(-10)?
-12
Let a(n) = n**3 - 3*n**2 - 5*n + 2. Determine a(3).
-13
Let v(q) = -3*q**2 - 2*q + 1. Determine v(-2).
-7
Let w(i) = -i**2 + 5*i + 1. Calculate w(5).
1
Let a(z) = 4*z + 4. Determine a(-2).
-4
Let o(p) = -35*p + 195. What is o(6)?
-15
Let w(u) = 8*u - 1. What is w(2)?
15
Let f(m) = -m**2 + 14*m - 38. Determine f(12).
-14
Let c(h) = 38*h**2 + 1. What is c(1)?
39
Let s(u) = u**2 - 2*u - 3. Give s(-1).
0
Let p(z) = z**3 + 6*z**2 - 2*z + 32. Give p(-7).
-3
Let y(d) = d**2 - 3*d - 44. Determine y(-5).
-4
Let p(y) = y**3 - 16*y**2 + 14*y - 10. Determine p(15).
-25
Let d(f) = f**3 - 12*f**2 + 2*f - 14. Give d(12).
10
Let v(r) = -4*r**2 - 9*r - 1. Give v(-6).
-91
Let r(z) = z. Give r(-10).
-10
Let h(u) = u**2 - 53*u + 325. Calculate h(46).
3
Let z(p) = -p**2 + 23*p - 32. What is z(24)?
-56
Let s(t) = t**3 + 67*t**2 - 64*t + 268. Give s(-68).
-4
Let q(j) = -j**2 + 16*j + 22. What is q(17)?
5
Let k(b) = -b**2 + 20*b + 36. Give k(20).
36
Let c(d) = -d**3 + 19*d**2 - d + 12. What is c(19)?
-7
Let h(m) = 3*m**3 - 9*m**2 + 3*m - 3. Give h(4).
57
Let y(g) = -g - 4. What is y(-4)?
0
Let g(y) = 9*y**2 - 58*y + 57. Determine g(1).
8
Let d(z) = z**2 + 7*z - 23. Determine d(-10).
7
Let u(i) = i**3 + 8*i**2 + 4*i + 2. Give u(-7).
23
Let p(o) = -5*o - 132. Give p(-27).
3
Let a(j) = -j**3 + 7*j**2 - 10*j + 8. Determine a(5).
8
Let b(z) = -3*z**2 - 3*z. Calculate b(-2).
-6
Let k(h) = -h**2 + 7*h + 2. Calculate k(8).
-6
Let s(w) = -w**3 - 3*w**2 + 8*w + 7. Determine s(-5).
17
Let s(u) = u**2 - 19*u + 54. Give s(14).
-16
Let z(x) = 2*x**2 - x + 1. Determine z(2).
7
Let a(j) = j**3 + 6*j**2 - 9*j - 10. What is a(-7)?
4
Let u(j) = j**2 + 15*j - 16. What is u(-16)?
0
Let u(k) = 7*k**2 - k - 2. Determine u(-1).
6
Let n(q) = -q**2 - 10*q - 34. What is n(-6)?
-10
Let l(w) = w**3 + 2*w**2 + 2*w + 1. What is l(-3)?
-14
Let i(q) = -q**2 + 13*q + 36. What is i(14)?
22
Let r(f) = 5*f - 69. Calculate r(11).
-14
Let y(z) = 14*z - 25. Give y(2).
3
Let l(g) = -g + 7. What is l(7)?
0
Let c(a) = -11*a - 3. Determine c(2).
-25
Let c(v) = v - 13. Determine c(18).
5
Let o(s) = s**2 - 21*s + 63. Determine o(17).
-5
Let v(k) = 2*k**2 - 18*k - 7. What is v(10)?
13
Let w(p) = -197*p - 794. What is w(-4)?
-6
Let v(p) = -15*p - 160. Give v(-10).
-10
Let c(d) = -5*d - 2. Calculate c(-3).
13
Let a(f) = f**2 - 25*f + 51. Calculate a(24).
27
Let a(r) = r**3 - 40. Calculate a(0).
-40
Let t(i) = 47*i**2 - i - 1. What is t(-1)?
47
Let w(j) = -j - 7. Give w(-11).
4
Let o(v) = -v**2 + 8*v - 6. Calculate o(10).
-26
Let x(s) = -s**3 + 7*s**2 + s - 10. Determine x(7).
-3
Let w(g) = g**3 - 6*g**2 + 6*g + 5. Give w(5).
10
Let k(n) = -16*n + 130. Determine k(6).
34
Let w(q) = q**3 - 4*q**2 - 4*q - 4. Calculate w(5).
1
Let l(v) = v**3 - v**2 - 66. Give l(0).
-66
Let r(l) = -3*l + 11. Determine r(10).
-19
Let y(p) = -10*p + 9. What is y(1)?
-1
Let w(z) = -z**2 - 8*z + 3. Give w(-8).
3
Let k(s) = -3*s + 19. What is k(6)?
1
Let j(x) = -x**2 - 3*x - 13. What is j(-7)?
-41
Let f(k) = -9*k - 332. Calculate f(-35).
-17
Let x(b) = b**2 + 13*b + 33. Calculate x(-9).
-3
Let g(b) = -b**3 + 7*b**2 - 3*b. Calculate g(7).
-21
Let o(v) = -v**2 + v + 28. Calculate o(0).
28
Let q(i) = -i**2 + 17. Calculate q(4).
1
Let s(a) = 3*a**2 - 13*a + 2. Calculate s(-4).
102
Let z(v)